80. Does 13 divide o?
False
Suppose -4*j + 4559 = m, -3*j + 2*j - 2*m = -1138. Does 9 divide j?
False
Suppose 284736 = 187*v - 297395. Is v even?
False
Is 4 a factor of 494 - (13 + (6 - 19))?
False
Let i(x) = -4*x - 28. Let d be i(-7). Suppose d = 4*w - 5*b + 24 - 112, 3*b = 4*w - 96. Does 9 divide w?
True
Suppose -3*u - 339 = o, 4*o - 2*u = u - 1281. Let v be (o/(-15))/((-5)/(-25)). Suppose 0 = -2*z + v + 58. Does 19 divide z?
False
Let q(y) = 5*y + 38. Let z be q(-7). Is 20 a factor of 9/(-12)*90*(-8)/z?
True
Let w(g) = -347*g - 1228. Does 193 divide w(-18)?
True
Let w = 45426 + -26256. Does 71 divide w?
True
Let c = -505 + 489. Let s(k) = 3*k**2 - 12*k + 4. Does 23 divide s(c)?
False
Suppose 8*g - 48 - 16 = 0. Suppose g*x - 149 - 187 = 0. Is 6 a factor of x?
True
Suppose 4*u + 6 = -c + 8*u, -4*u + 8 = 0. Suppose -4*q + c*q + 1252 = 0. Is q a multiple of 32?
False
Suppose 17*v - 19*v + 1244 = 0. Suppose 174 = 4*p - v. Is 41 a factor of p?
False
Let u(g) = 2*g + 10. Let n be u(-1). Does 16 divide n/2 + (200 - (0 + -2))?
False
Let m(t) = -t + 194. Suppose -5*a - 172 = -5*d - 4*a, 2*d + a = 73. Does 53 divide m(d)?
True
Suppose 0 - 2 = -l. Let z(q) = -174 + 160 + 20*q**l + q**3 + 21*q + 11*q**2 - 6*q**2. Is 29 a factor of z(-24)?
True
Let x be 56 + 19 + (2 - -13)/3. Suppose -2*a - 37 = -d, -5*d - 4*a + x + 35 = 0. Is d a multiple of 9?
True
Let x(t) = -t**3 - 47*t**2 - 577*t - 152. Is 7 a factor of x(-31)?
True
Let p be (144/60)/(1/10). Let a(n) = -2*n**2 + 63*n + 47. Is a(p) a multiple of 15?
False
Let s = -241 + 197. Let y = s - -255. Does 27 divide y?
False
Let g(i) = i**3 - 18*i**2 - i + 10. Let f be g(18). Let m(s) = -19*s - 24. Does 8 divide m(f)?
True
Suppose -34*c = -37*c - 4350. Let m = c + 2316. Does 50 divide m?
False
Let t be 8/8 + (-439)/(-1). Suppose -t = -15*p + 10*p. Does 4 divide p?
True
Let d be (-2328)/(-20) + 4/(-10). Let n be d/8 - 9/(-6). Is 242/n + 12/(-96) a multiple of 3?
True
Let s(i) = 28*i**2 + 55*i - 57. Does 40 divide s(-13)?
True
Suppose 3*r = -3*y + 27, -2*y - 8*r + 28 = -4*r. Suppose 3*d - 5721 = -y*m, -6*m + 5*d = -7*m + 1426. Does 37 divide m?
False
Let m(o) = 3428*o**2 + 122*o + 246. Does 40 divide m(-2)?
False
Let c = -95 + 156. Suppose -64*g + c*g = -258. Let m = g - 35. Is 7 a factor of m?
False
Let d(o) = 85*o**3 + 21*o**2 - 45*o - 6. Does 13 divide d(4)?
True
Let x(z) = z**3 - 38*z**2 - 4*z + 192. Is x(38) even?
True
Let z = -465 + 326. Let a = 82 - z. Is a a multiple of 17?
True
Suppose -2686 - 402 = -15*b + 40112. Does 65 divide b?
False
Let k(v) = v**2 - 10*v - 10. Let m be k(10). Let t be (m - 0)*56/(-20). Suppose -26*h - 92 = -t*h. Is h a multiple of 23?
True
Suppose 4327 + 5736 = 5*a + 9*g, -6 = 2*g. Is 3 a factor of a?
False
Let c = 18 + -6. Suppose -6*f = -2*f - c. Suppose r - 16 = f*u - 5, 2*u = 8. Is 8 a factor of r?
False
Suppose -6*j + 3*j - 3*s + 41715 = 0, -145*s = -147*s. Is 45 a factor of j?
True
Let l = 12132 - -10359. Is 153 a factor of l?
True
Suppose 11*y - 13 = 7*y + 3*k, -3*y - 2*k + 14 = 0. Suppose 0 = y*z - 5*f + 290 - 802, -256 = -2*z + 5*f. Is 8 a factor of z?
True
Let h(w) = -5*w**3 - 128*w**2 + 54*w + 68. Does 102 divide h(-29)?
False
Let y be ((-464)/(-24))/(2/6). Suppose -y*c + 12350 = -20*c. Does 13 divide c?
True
Let b = 36 - 43. Does 9 divide (b + 5 + 32)*42/4?
True
Suppose -75 - 31068 = -2*d + b, d - 15558 = 5*b. Is d a multiple of 29?
True
Suppose -5*z - s = -91, -s = 4*z + 2*s - 75. Let o(w) = z*w - 8 + 20*w - 11*w. Is o(5) a multiple of 17?
False
Suppose -94*o + 127570 = 6160 - 136714. Is 64 a factor of o?
False
Let j(v) = -8*v - 3. Let o be j(-1). Let k(z) = -32*z - 9. Let a(n) = -63*n - 17. Let d(x) = -4*a(x) + 7*k(x). Is 29 a factor of d(o)?
True
Is 38 a factor of (-7)/(-14)*-12 - -5 - -2182?
False
Suppose -7*o = -17*o + 140. Is o*(20/(-350))/(2/(-2370)) a multiple of 11?
False
Is (-269002)/(-8) + (-2397)/(-3196) a multiple of 251?
False
Let q = 184 - 191. Let m = q - -245. Does 14 divide m?
True
Suppose -11 = o - 16. Suppose -o*v = -6*v + 139. Suppose -341 = -4*z + v. Is z a multiple of 15?
True
Suppose 5*q - 3103 = -3*j, -3*q + 4*j + 1853 = 8*j. Does 7 divide q?
True
Let u(z) = -z**2 + 3*z. Let h be u(2). Suppose -t = -h*t + 14. Suppose 0 = g - t - 68. Is 32 a factor of g?
False
Let h(u) be the second derivative of u**7/2520 + u**6/120 + 3*u**5/20 + u**4/2 + 32*u. Let r(s) be the third derivative of h(s). Is 9 a factor of r(-6)?
True
Let v = -5139 - -7508. Is 103 a factor of v?
True
Suppose -d = -2*i - 128, 37*i = 39*i - 12. Is 56 a factor of d?
False
Let z(w) = w**2 - 28*w - 89. Let u be z(46). Let n = u + -88. Is n a multiple of 21?
True
Suppose 96*w - 9987702 = 26*w - 124*w. Is 47 a factor of w?
False
Suppose 0 = 2*z + h - 25 - 2065, 5*h + 1045 = z. Is 77 a factor of z?
False
Suppose 668 = -11*q + 151. Let c = 187 - q. Is c a multiple of 26?
True
Suppose 7*j - 523 = 359. Suppose -351*s + 357*s = j. Is s a multiple of 7?
True
Let z(c) = 7*c + 65. Let a be z(-9). Suppose 3*q + 4*j - 267 = 0, a*q + 3*j - 2*j = 178. Does 11 divide q?
False
Let h(g) = 249*g**2 - g + 6. Let i be h(2). Suppose -8*r + 248 = -i. Let a = r - 128. Is a a multiple of 28?
True
Let f(p) = -63*p - 45. Let d(t) = -18*t - 13. Let o(s) = 18*d(s) - 5*f(s). Let j(b) = -7*b**3 - 48*b**2 + 14*b + 40. Let h be j(-7). Does 31 divide o(h)?
False
Let l(w) = -11*w - 26 - 44 + 60*w**2 + 142 - 47. Suppose -14*y = -34 + 6. Does 27 divide l(y)?
True
Let u(q) = 1566*q**2 + 249*q + 493. Is 11 a factor of u(-2)?
True
Does 204 divide ((-76)/190 - 277398/(-20)) + 10/4?
True
Suppose -q - 7 = -11. Suppose 0 = 3*l + 3*f - 15, 3*l - 2*l = q*f. Is 12 a factor of l/(-6) + (-4 - (-854)/21)?
True
Let i(f) = 1580*f**2 + 274*f + 8. Is i(-4) a multiple of 84?
True
Suppose 21*q = -201 - 51. Is 21 a factor of 0 - q/(-30) - 1467/(-5)?
False
Suppose 182 = 6*w + 38. Does 2 divide w - (-3 + 5 - 6)?
True
Suppose 2*a + 134 = 2*j, -350 = 5*a + j - 3*j. Let o = 224 - a. Is o a multiple of 9?
False
Let n = -213 - -218. Suppose n*k - 176 = 1044. Does 23 divide k?
False
Let r = -5722 + 28503. Is 26 a factor of r?
False
Suppose 0 = 3*b - 8*z + 3*z - 147, b - 2*z - 50 = 0. Suppose -2*j + 40 = t, -3*j - 2*t = -j - b. Is 650/j + (-15)/135 a multiple of 3?
True
Let f(r) = 2*r**3 + 5*r**2 - 9*r - 1. Let k(q) = -q**3 - 2*q**2 + 4*q. Let a(j) = -2*f(j) - 5*k(j). Let t be a(-2). Is 6 a factor of 60/t*3/(-9)*3?
True
Suppose 21*q - 8 = 22*q. Does 7 divide 2/q - (-2529)/36?
True
Suppose -2*c + 3*c - 2 = 0. Suppose -c = 9*z - 20. Suppose l = z*t - 90, 2*t = -5*l + 101 + 13. Is 12 a factor of t?
False
Let u be (-10)/3 + (-6)/9 + 3. Let d be ((-19)/38)/(((-2)/4)/u). Let z = 17 + d. Is 8 a factor of z?
True
Let h be 1 - 2 - (10 + -21). Suppose h*j - 114 = 746. Suppose -5*z = -5*x - 585, z - 2*x = j + 31. Is 18 a factor of z?
False
Let z(p) be the second derivative of -5*p**3/6 - 39*p**2/2 - 20*p. Let m be z(10). Is 13 a factor of (1 - m) + (20 - 19)?
True
Let y = 535 - 499. Is (30/y)/1 + 1250/12 a multiple of 15?
True
Suppose -2*f - 1 = f + 4*d, f - 25 = 5*d. Suppose 0 = -j - 4*j + 3*n + 740, j = f*n + 170. Suppose -y = 4*y - j. Is y a multiple of 8?
False
Let h = -811 + 1227. Let s = 506 - h. Is 9 a factor of s?
True
Let l = -9796 - -27360. Does 16 divide l?
False
Suppose 7011 = -44*a + 85*a. Suppose -5*l = 5*t - 1660, -1867 + 212 = -5*l - 4*t. Let x = l - a. Does 26 divide x?
True
Suppose 12*w - 715 - 12497 = 0. Let v = -403 + w. Is v a multiple of 7?
False
Let q = 251 - -418. Let d = -465 + q. Does 24 divide d?
False
Suppose -6*j - 424 = 2*d - 2*j, -2*d + 3*j = 438. Suppose 0 = 2*f + 4*p + 798, f + 3*p + 2*p + 411 = 0. Let i = d - f. Does 18 divide i?
False
Let d(x) = -5*x - 38. Let y be d(-13). Let k(h) = -y + 77*h - 34 + 58. Does 19 divide k(2)?
False
Suppose -59 - 9166 = -3*u. Let y = u - 1563. Does 63 divide y?
True
Does 31 divide 1986/6620 - 2*1356454/(-40)?
False
Let x(p) = 9*p + 746. Does 25 divide x(-24)?
False
Let m(r) be the second derivative of 3*r**3/2 - 41*r**2 + 18*r + 2. Is 7 a factor of m(11)?
False
Let b(z) = 4*z**2 + 146*z + 124. Does 39 divide b(-49)?
True
Suppose 27*x - 8 = 31*x, -3*l + 5*x = -10381. Does 21 divide l?
False
Suppose -2967 = -5*s + 3*d - 0*d, -2381 = -4*s - 5*d. Let x be (-2)/(-4)*s/(-27). Let r(v) = v**2 + 1